emainder when 412 is divided by d?
58
Let f(h) be the third derivative of 7*h**4/24 + h**3/3 - h**2. Let n = -73 - -76. What is the remainder when f(n) is divided by 8?
7
Let g = -32 + 39. What is the remainder when 49 is divided by 69/g - 1/(-7)?
9
Let y = -47 - -73. Calculate the remainder when 41 + (1 - 3) + 4 is divided by -4 + y - (1 - 1).
21
Let c be (-5 + -5)/((-1)/(-2)). Let o = 4 - c. What is the remainder when o is divided by 13?
11
What is the remainder when 230 is divided by (-7 - -15)*1 - -28?
14
Let z = -65 + 81. What is the remainder when z is divided by 12?
4
Let k(w) = -w**3 - 12*w**2 - 11*w + 5. Let f be k(-11). Suppose b + f*z = -6, 0 = 2*z - 2 + 6. What is the remainder when 9 is divided by b?
1
Suppose 5*s - 3*n - n = -59, -2*s - 21 = n. Let v = s + 38. Calculate the remainder when v is divided by 7.
6
Suppose -4*f - 119 = -z - 45, -4*z + 317 = 5*f. Let d(g) = -8*g - 8. What is the remainder when z is divided by d(-6)?
38
Let k be 1/((4/(-2))/(-34)). Suppose -d = -k + 7. Let w(q) = -q + 32. Calculate the remainder when w(5) is divided by d.
7
Suppose -3*x + 1 = -8, 3*n + 5*x = 21. Let u be 55/44*(-5 + 1). Calculate the remainder when 64/80*u/(-1) is divided by n.
0
Suppose 0 = -2*q - 3*q - 35. Let c(s) = 4*s**2 - 2*s + 1. Let p be c(1). Calculate the remainder when 13 is divided by (2 + q)*(-4 + p).
3
Suppose -13*n + 536 = -5*n. Suppose 33 = 4*z - n. Calculate the remainder when 115 is divided by z.
15
Let o = -5 + 6. Suppose -o = 2*x - 5. Let j(q) = 4*q**2 - 3*q + 2. Calculate the remainder when 45 is divided by j(x).
9
Let q = 13 + 13. Suppose 59 = 2*j + 5*p, -30 = -4*j - 4*p + 58. Calculate the remainder when q is divided by j.
9
Let r = 49 + -45. Calculate the remainder when 155 is divided by r.
3
Let r = 349 + -126. What is the remainder when r is divided by 56?
55
Let z(b) = 2*b. Let w be z(3). Calculate the remainder when 27 is divided by ((-100)/8)/(-5)*w.
12
Let z be (-1 + 2 + 0)/(1 + 0). What is the remainder when 97 is divided by z + (2 + -2 - -48)?
48
Let c(v) = -3*v + 4. Let b = -28 - -21. Calculate the remainder when c(-4) is divided by 2 - 2*b/2.
7
Let v(p) = -p**2. Let a be v(-6). Let h be 3/15 + 333/(-15). Let l = h - a. Calculate the remainder when 27 is divided by l.
13
Suppose -3*r + 21 = b, -3*r - b = -7*r + 21. Suppose -3*c + r = 0, -4*s + 3*c + 22 = 8*c. What is the remainder when 33 is divided by s?
0
Suppose g + 3*s - 18 = 0, g - 10 = 5*s - 0. What is the remainder when 71 is divided by g?
11
Let n be (-4*56/96)/((-2)/(-30)). Calculate the remainder when (2 + 58/(-4))*112/n is divided by 21.
19
Let v(c) = 25*c. Let a be v(1). Let s = -3 + a. What is the remainder when 108 is divided by s?
20
Suppose -11*i = -2*z - 8*i + 15, -2*z + i + 9 = 0. Suppose 19*w + z = 20*w. What is the remainder when w is divided by 3*(0 - 1*-1)?
0
Let s = -1047 - -1399. Calculate the remainder when s is divided by 117.
1
Suppose -676 - 820 = -8*a. Calculate the remainder when a is divided by 64.
59
Suppose 27 = 2*w + 23. Suppose 0 = 2*y + w*y - 68. Calculate the remainder when 84 is divided by y.
16
Let b = -1381 - -1391. Suppose -3*s - 2*y - 18 = -79, 93 = 5*s - y. Calculate the remainder when s is divided by b.
9
Let g = -2351 + 2372. Calculate the remainder when 143 is divided by g.
17
Suppose -n = -o + 2*n - 2, o + 3*n = 22. What is the remainder when ((-8)/10)/(12/(-570)) is divided by o?
8
Let r be (-6 + 5)/(-3 + 2)*5. Suppose 0 = -2*l - 5*u + 25, 6*u - 2*u = r*l - 13. Let i(w) = -2*w - 7. Calculate the remainder when i(-8) is divided by l.
4
Suppose -3*p - 15*p + 540 = 0. What is the remainder when 121 is divided by p?
1
Let b = 79 + -83. Let p(i) = 2*i**2 + 3*i + 7. What is the remainder when 80 is divided by p(b)?
26
Suppose 3*g = 5*g. Suppose 2*v + l - 66 = 0, g = 6*v - 2*v - 3*l - 112. Let y = -10 + v. Calculate the remainder when y is divided by 11.
10
Suppose -i + 262 - 248 = 0. Calculate the remainder when 75 is divided by i.
5
Let t(c) = 78*c + 1179. Let r(s) = 3*s**3 - 2*s - 1. What is the remainder when r(2) is divided by t(-15)?
1
Suppose -52 + 66 = f. Calculate the remainder when 57 is divided by f.
1
Let f(c) = c - 4. Let x be f(9). Suppose -x*u + 3*k = -75, -k = 3*u - 1 - 30. Calculate the remainder when 93 is divided by u.
9
Let l be 30*2/1*1. Suppose -4*w + l = -5*w. Calculate the remainder when w/(-2) - (-6 + 9) is divided by 15.
12
Let p(b) = b**3 - 5*b**2 - 8*b + 3. Calculate the remainder when p(9) is divided by 64.
63
Let c(p) = 2*p**2 + 21*p + 35. What is the remainder when 51 is divided by c(-9)?
3
Let u(s) = -8*s. Let r(v) = -v + 50. What is the remainder when r(23) is divided by u(-2)?
11
Let v be (60/(-50))/((-4)/(-10)). Calculate the remainder when -4 - v/(6/140) is divided by 23.
20
Let g(y) = -28*y - 613. What is the remainder when g(-28) is divided by 26?
15
Let f(i) = i**2 + 16*i - 612. What is the remainder when f(25) is divided by 38?
33
Let z = 86 + -83. Suppose -5*t + 108 = z*m + m, -t + 54 = 2*m. What is the remainder when m is divided by 14?
13
Let k(x) = -5*x - 5. Let t(m) = -11*m - 9. Let u(b) = -5*k(b) + 3*t(b). Let f be u(-1). Suppose d = f*d - 90. What is the remainder when d is divided by 5?
3
Suppose -2*z + 3*z - 139 = 0. Calculate the remainder when 968 is divided by z.
134
Let n(u) = 4*u**3 + u**2 - 2*u - 8. Calculate the remainder when n(3) is divided by 7.
5
Let v(l) = l**2 - 16*l + 56. What is the remainder when 289 is divided by v(17)?
70
Suppose 4*h + 40 = 12*h. Suppose h*x = 459 - 19. What is the remainder when x is divided by 30?
28
Let u be (5/15)/((-1)/(-9)). Suppose 0 = -3*a + 4*a - 2*m, 0 = -5*a - u*m. Suppose a = -9*b - 14 + 59. Calculate the remainder when 19 is divided by b.
4
What is the remainder when (1/3)/((-3)/(-243)) is divided by 11?
5
Suppose -3*w + 1 = q - 15, 4*q - 8 = 2*w. Suppose -4 = 4*i, -q = -v + i + 13. Calculate the remainder when v is divided by 6.
4
Suppose -102 = -4*t + 66. Suppose 5*w + 12 = -v, -4*v + 0*w + t = 2*w. What is the remainder when v is divided by 6?
1
Let o be (-12)/(-78) + (-906)/(-26). Suppose 5*j - 141 = -2*m, j = -4*j + 4*m + 123. Calculate the remainder when -12*(o/(-10) - 3) is divided by j.
24
Suppose -4*d - 85 = -5*d - 5*y, 3*d - 323 = 2*y. Calculate the remainder when d is divided by 27.
24
Let b = -437 - -513. What is the remainder when b is divided by 16?
12
Let b = -45 + 28. Let l = b + 33. What is the remainder when 62 is divided by l?
14
Let a = -181 - -195. What is the remainder when 209 is divided by a?
13
Let d be 42/(-4)*(-2 + -18). Suppose -6*k = -k - d. Calculate the remainder when k is divided by (9 - -2) + 0/((-2)/(-2)).
9
Let a = -28 + 142. Let d = 143 - 94. Let r = a - d. What is the remainder when r is divided by 17?
14
Suppose 0 = -11*k + 230 + 12. What is the remainder when k is divided by 6?
4
Let o(u) = -u**3 - u + 22. Let j be o(0). Let f = -15 + j. What is the remainder when 9 is divided by f?
2
Suppose -7*h = 44 - 443. Calculate the remainder when 111 is divided by h.
54
Suppose 0 = 5*f + f + 30. What is the remainder when (f/10)/(4/(-1040)) is divided by 44?
42
Let d(s) = s**2 - 11*s + 15. Suppose 5*q - 37 = 3*q + 5*n, -5*q + 3*n = -64. Calculate the remainder when 1 + 0 + (-2 - -58) is divided by d(q).
12
Let q = -186 + 632. What is the remainder when q is divided by 32?
30
Suppose z = -4*s + 66, 4 = 4*s - 0. Suppose z*u - 59*u = 18. Suppose -2*c - 52 = -2*n - 4*c, -5*c + 101 = 4*n. What is the remainder when n is divided by u?
5
Let c be 6 - 0 - (0 - -3). Suppose -4*b = -2*m + 3 - 17, -c = 5*m - 2*b. What is the remainder when 4 is divided by m?
0
Let i be (2/(-6))/((-2)/6). Let x = 15 - i. Let k = 241 + -233. Calculate the remainder when x is divided by k.
6
Let m be (-10*3/12)/((-1)/4). Suppose m*l - 3 - 47 = 0. What is the remainder when 68 is divided by l?
3
Suppose 0 = -x - 2*x + 5*k + 22, -4*k = 2*x. Let a(q) = -q**3 + 4*q**2 - q - 3. Calculate the remainder when x is divided by a(3).
1
What is the remainder when 27 is divided by 60/5 - (-21)/(-3)?
2
Let l(h) = -3*h + 7. Let d be l(4). Let g(c) = 2*c + 12. Let z(n) = -3*n - 23. Let i(s) = d*g(s) - 3*z(s). What is the remainder when 13 is divided by i(6)?
1
Let x(u) = u - 21. Let k be x(24). Suppose 0 = k*c - d - 0*d - 40, c - 1